 1611167202?
1
What is the hundred thousands digit of 177686357?
6
What is the units digit of 3735163297?
7
What is the hundred millions digit of 681352590?
6
What is the tens digit of 74656312?
1
What is the hundred millions digit of 1382167203?
3
What is the hundred thousands digit of 307954141?
9
What is the tens digit of 606734608?
0
What is the tens digit of 658199845?
4
What is the hundred millions digit of 117151676?
1
What is the hundreds digit of 1820090895?
8
What is the hundred thousands digit of 56052035?
0
What is the units digit of 610655583?
3
What is the tens digit of 3413712446?
4
What is the ten millions digit of 2203398911?
0
What is the hundred millions digit of 690436064?
6
What is the thousands digit of 917032894?
2
What is the hundred millions digit of 179171718?
1
What is the thousands digit of 56120604?
0
What is the tens digit of 24302383?
8
What is the ten thousands digit of 41261862?
6
What is the millions digit of 281201448?
1
What is the hundreds digit of 735080549?
5
What is the thousands digit of 97733722?
3
What is the ten millions digit of 121898899?
2
What is the tens digit of 629582892?
9
What is the hundreds digit of 1303507419?
4
What is the hundred thousands digit of 288331913?
3
What is the ten thousands digit of 173592350?
9
What is the hundreds digit of 3084767862?
8
What is the hundred thousands digit of 97263630?
2
What is the millions digit of 100331524?
0
What is the thousands digit of 163736804?
6
What is the ten thousands digit of 191566463?
6
What is the thousands digit of 309063121?
3
What is the tens digit of 468990504?
0
What is the tens digit of 60565420?
2
What is the hundreds digit of 102695932?
9
What is the ten millions digit of 97311235?
9
What is the hundred millions digit of 1642061799?
6
What is the billions digit of 7758842534?
7
What is the ten millions digit of 221928708?
2
What is the tens digit of 853923227?
2
What is the thousands digit of 178507928?
7
What is the tens digit of 19764460?
6
What is the ten millions digit of 557588857?
5
What is the tens digit of 1271587913?
1
What is the hundred thousands digit of 496329596?
3
What is the tens digit of 50949294?
9
What is the millions digit of 45249026?
5
What is the hundred thousands digit of 323127463?
1
What is the hundreds digit of 1014443558?
5
What is the millions digit of 1364119451?
4
What is the billions digit of 3971804919?
3
What is the tens digit of 232630157?
5
What is the hundreds digit of 66184915?
9
What is the ten thousands digit of 303577759?
7
What is the units digit of 51928413?
3
What is the thousands digit of 6636301491?
1
What is the hundreds digit of 4811811971?
9
What is the hundred millions digit of 2289163215?
2
What is the thousands digit of 917715817?
5
What is the hundred thousands digit of 88362200?
3
What is the millions digit of 278946261?
8
What is the millions digit of 166968755?
6
What is the thousands digit of 306527947?
7
What is the tens digit of 106332752?
5
What is the millions digit of 1701319427?
1
What is the ten thousands digit of 396462572?
6
What is the thousands digit of 271530122?
0
What is the ten millions digit of 253535042?
5
What is the ten thousands digit of 296073109?
7
What is the hundreds digit of 142760369?
3
What is the millions digit of 175321004?
5
What is the ten millions digit of 997898959?
9
What is the hundred millions digit of 1449587428?
4
What is the units digit of 51704517?
7
What is the units digit of 278631825?
5
What is the millions digit of 64254199?
4
What is the ten thousands digit of 289512384?
1
What is the hundred thousands digit of 185653620?
6
What is the ten thousands digit of 116402125?
0
What is the units digit of 36304932?
2
What is the hundreds digit of 1617773695?
6
What is the units digit of 1391395120?
0
What is the thousands digit of 504501241?
1
What is the hundred thousands digit of 297264971?
2
What is the hundreds digit of 1190728547?
5
What is the units digit of 111081914?
4
What is the tens digit of 4942264096?
9
What is the units digit of 228734834?
4
What is the ten millions digit of 35634084?
3
What is the ten thousands digit of 580565065?
6
What is the tens digit of 18193885?
8
What is the tens digit of 2595792662?
6
What is the units digit of 22490293?
3
What is the hundred millions digit of 5486751039?
4
What is the hundred thousands digit of 2247246139?
2
What is the tens digit of 51188121?
2
What is the thousands digit of 2602667353?
7
What is the units digit of 2937021798?
8
What is the hundred thousands digit of 2214029275?
0
What is the hundreds digit of 191427999?
9
What is the millions digit of 136416306?
6
What is the millions digit of 118522144?
8
What is the hundred thousands digit of 305948427?
9
What is the units digit of 144246669?
9
What is the ten thousands digit of 1889592483?
9
What is the tens digit of 36650709?
0
What is the hundreds digit of 181978826?
8
What is the hundred thousands digit of 24270103?
2
What is the hundred thousands digit of 365211706?
2
What is the millions digit of 49278442?
9
What is the thousands digit of 939137837?
7
What is the tens digit of 307230972?
7
What is the hundred thousands digit of 651725326?
7
What is the thousands digit of 20420216?
0
What is the ten thousands digit of 665358698?
5
What is the ten thousands digit of 96565889?
6
What is the hundreds digit of 663528180?
1
What is the tens digit of 196181305?
0
What is the thousands digit of 1581072199?
2
What is the hundred millions digit of 140887633?
1
What is the tens digit of 777194?
9
What is the hundreds digit of 2063416?
4
What is the hundred thousands digit of 33975218?
9
What is the thousands digit of 1596919400?
9
What is the units digit of 1567466265?
5
What is the thousands digit of 170788401?
8
What is the ten thousands digit of 93316777?
1
What is the ten thousands digit of 1309032573?
3
What is the hundred thousands digit of 176555585?
5
What is the tens digit of 2652381650?
5
What is the tens digit of 186738911?
1
What is the hundred thousands digit of 1254111969?
1
What is the units digit of 27022928?
8
What is the tens digit of 46455792?
9
What is the millions digit of 523453164?
3
What is the hundreds digit of 197665471?
4
What is the millions digit of 366568730?
6
What is the hundred thousands digit of 398452546?
4
What is the millions digit of 337288897?
7
What is the hundreds digit of 4380051323?
3
What is the millions digit of 3482775139?
2
What is the ten thousands digit of 95499991?
9
What is the units digit of 4869979384?
4
What is the ten thousands digit of 2529378766?
7
What is the millions digit of 1099913918?
9
What is the millions digit of 75871435?
5
What is the hundred thousands digit of 1904751181?
7
What is the hundred millions digit of 405467722?
4
What is the units digit of 2649398265?
5
What is the ten thousands digit of 145875870?
7
What is the thousands digit of 702251825?
1
What is the thousands digit of 1864734356?
4
What is the thousands digit of 326830777?
0
What is the hundred thousands digit of 252752027?
7
What is the hundred millions digit of 495836241?
4
What is the ten thousands digit of 160180040?
8
What is the hundred millions digit of 2356406027?
3
What is the hundred thousands digit of 52756049?
7
What is the tens digit of 68417805?
0
What is the tens digit of 194945188?
8
What is the hundred thousands digit of 939978958?
9
What is the hundred thousands digit of 6896238954?
2
What is the hundreds digit of 35013638?
6
What is the hundred thousands digit of 246477211?
4
What is the millions digit of 1470958280?
0
What is the tens digit of 3654085?
8
What is the ten thousands digit of 89880814?
8
What is the ten thousands digit of 343705006?
0
What is the hundreds digit of 963052885?
8
What is the ten millions digit of 344048519?
4
What is the hundred millions digit of 5069776337?
0
What is the ten millions digit of 16607455?
1
What is the millions digit of 87486557?
7
What is the thousands digit of 4114441818?
1
What is the units digit of 444890080?
0
What is the hundred millions digit of 123687731?
1
What is the ten millions digit of 3689551298?
8
What is the units digit of 4529354847?
7
What is the hundreds digit of 1645706510?
5
What is the ten millions digit of 6614